ommon factor of 27 and q.
9
Suppose 0 = -8*f + 3*f - 30. Let i be 3/f - (-132)/8. What is the greatest common factor of i and 128?
16
Suppose -1 = -3*g + 2*g. What is the highest common factor of g and 8?
1
Let v = -130 + 161. Calculate the greatest common factor of v and 31.
31
Let g(k) be the first derivative of -1/4*k**4 - 2*k**2 - 4/3*k**3 - 2 + 4*k. Let j be g(-4). Calculate the highest common factor of j and 10.
10
Let z be (-220)/8*24/(-15). Calculate the highest common divisor of 176 and z.
44
Let u(b) = 21*b + 1. Suppose -1 = -4*v + 11. Let h be u(v). What is the greatest common factor of h and 8?
8
Let b = 5 + -2. Let u be (3/3)/(b/141). Let n = u - 25. What is the highest common factor of n and 22?
22
Suppose -131 = -9*z + 175. Let v = -226 - -396. What is the highest common factor of z and v?
34
Let f = -5 + 3. Let x be 33/5 - f/5. What is the highest common factor of 77 and x?
7
Let q = 16 + 6. Suppose -6*h - 19 = -2*h - 3*l, -2*h + 4*l - q = 0. Let r be (0 - -1)/h - -15. What is the greatest common divisor of 35 and r?
7
Let o(r) be the second derivative of r**5/10 - r**4/4 - 2*r**3/3 + 3*r. Let t be o(4). What is the highest common factor of t and 8?
8
Let f(s) = -4 + 1 - 2 + 2*s + 6. Let c be f(4). Let h be (1 - -1)*(-63)/(-2). What is the greatest common divisor of c and h?
9
Let k(v) = -v**3 + 5*v**2 + 2*v - 5. Let p be k(4). Let q = p - 4. What is the highest common factor of q and 75?
15
Suppose -l = -9 - 15. What is the greatest common factor of l and 48?
24
Let z = 210 + -130. Calculate the greatest common divisor of z and 32.
16
Let d = 12 + -3. Suppose 3*x = -0*x + 9. What is the highest common divisor of x and d?
3
Let a(i) = -i**3 + 5*i**2 - 4*i + 3. Let w(p) = 2*p**3 - 4*p**2 + 3*p - 2. Let d be w(2). Let y be a(d). What is the highest common factor of 3 and y?
3
Let o(n) = -n**2 - 7*n + 9. Let q be o(-8). Suppose 0 = 5*x - 5*h - 20, q = 5*x + 5*h - 9. What is the highest common divisor of x and 6?
3
Let d = 65 - 38. Calculate the greatest common divisor of d and 18.
9
Suppose 7*u + 2*x = 3*u + 64, -4*x = u - 23. Let s = 67 + -229. Let o = s + 237. What is the highest common divisor of u and o?
15
Let l be (5*78/(-9))/(5/(-15)). What is the highest common factor of 26 and l?
26
Let p(j) = j**2 + 4*j - 19. Let m be p(-8). What is the highest common divisor of 65 and m?
13
Let h be -2*(-314)/26 - 16/104. What is the greatest common factor of h and 24?
24
Let o = -4 - -7. Suppose -3 = -3*a + 3*t, 0 = -o*a - t - 0 + 23. Calculate the highest common divisor of 4 and a.
2
Suppose -2*u - 2*u + 176 = 0. Let b = u - 30. Calculate the greatest common divisor of 7 and b.
7
Let y(h) = -h + 24. Let i be y(12). What is the greatest common divisor of 36 and i?
12
Let r(w) = -3*w - 2. Let c be r(2). Suppose -2*l = 55 - 15. Let b = c - l. What is the highest common factor of b and 30?
6
Suppose -6*l = -2*l - 8, 3*r - 3*l - 15 = 0. Suppose 4*w = -w + 245. Calculate the greatest common divisor of r and w.
7
Suppose 0 = -2*y + 33 + 3. Calculate the highest common factor of y and 27.
9
Let j be (90 - 7) + 1*2. Suppose -4*v + 0 = -8. Suppose -3*b = 5*l - j, -v*l + 131 = 5*b + 21. What is the greatest common factor of 4 and b?
4
Suppose -v + 6*v = 90. Suppose v = -3*d + d. Let m = d + 27. What is the greatest common factor of m and 45?
9
Let g = 30 + -21. What is the greatest common divisor of 1 and g?
1
Suppose 4*n = -2*q + 44, -2*q - 3*n + 4*n = -54. Calculate the highest common factor of 26 and q.
26
Let v be 0 - 16*1*(-4 - -3). Calculate the highest common factor of v and 120.
8
Let x = -2 - -4. Let m be 3/(x - -1)*11. Calculate the greatest common factor of 55 and m.
11
Let i(v) = v**2 + 6*v - 2. Let s be i(8). Suppose 4*w - 2*u = 156 + 296, -s = -w - u. What is the greatest common divisor of 14 and w?
14
Let z = 91 + -19. What is the greatest common factor of 9 and z?
9
Let w = -7 - -20. Calculate the greatest common factor of w and 117.
13
Let h be 1/(4/(-20))*108/(-10). Calculate the greatest common divisor of h and 18.
18
Let m be ((-11)/(-9) - 1) + (-1006)/(-9). What is the greatest common factor of m and 16?
16
Let d(q) = -q + 9. Let b be d(5). Let k be (-102)/4*b/(-3). Calculate the greatest common factor of 85 and k.
17
Let r(d) = d**2 + 3*d + 0*d + 2*d + 2 + 7*d**3 - 6. Let l be r(3). What is the highest common factor of 19 and l?
19
Suppose 5*d = 5*g - 35, -3*g + 26 = 4*d - 30. Let b = 1 - -7. Calculate the greatest common divisor of b and g.
4
Let t = 97 + 11. Suppose -2*l - l = -t. Suppose 0 = -4*u - 0*u + l. What is the highest common divisor of 9 and u?
9
Let n = -88 - -276. Let b = -100 + n. Calculate the highest common divisor of 22 and b.
22
Let s = -1 - -4. Let u = s + 10. Calculate the highest common factor of u and 13.
13
Let j = 29 + -20. What is the highest common factor of j and 27?
9
Let n(s) = 8*s - 9. Let p be n(18). What is the highest common factor of 27 and p?
27
Let h(y) be the third derivative of 7*y**4/24 - y**3/3 + 5*y**2. Let p = -8 - -11. Let l be h(p). What is the greatest common factor of 95 and l?
19
Suppose -2*j = -4 - 26. Suppose 3*z = 15, l + 3*z - 3 = 12. Suppose l = -2*w + 60. What is the highest common divisor of j and w?
15
Let m = -129 - -139. Calculate the greatest common factor of 50 and m.
10
Let q be 1210/50 - (-1)/(-5). Suppose 2*c + 2*c - q = 0. Calculate the greatest common factor of 42 and c.
6
Let f = -21 - -43. Calculate the highest common divisor of f and 110.
22
Let u = -1 - 3. Let d be u/(-6)*18/(-1). Let q be 102/d*(-20)/2. What is the greatest common factor of q and 17?
17
Let g = -14 + 7. Let f be (-721)/g - (-1 + 0). What is the greatest common factor of f and 26?
26
Let y be (-183)/(-4) - 1*(-6)/24. Calculate the highest common factor of 23 and y.
23
Suppose h - 22 - 2 = -3*b, -39 = -2*h - 3*b. Calculate the highest common factor of h and 45.
15
Let r = -12 + 30. Calculate the highest common factor of r and 3.
3
Suppose -3*w + 2*w = -16. Suppose 23*u - 1232 = 16*u. Calculate the greatest common factor of w and u.
16
Let i be (660/(-50))/(3/(-20)). Calculate the highest common factor of 11 and i.
11
Suppose -4*h = 2*m - 26, 3*h = -h + 5*m + 19. Suppose h*l - 32 = 88. Calculate the highest common divisor of 50 and l.
10
Let q be ((-6)/(-5))/(4/10). Suppose 0 = -q*t + 12 + 12. Suppose 0 = -4*k + 25 + 327. What is the highest common divisor of t and k?
8
Suppose -4*y + 8*y = -2*q + 716, -q - 902 = -5*y. What is the highest common divisor of 30 and y?
30
Suppose -2*m - 76 = a, 4*m + 3*a = -a - 160. Let c = 84 + m. Calculate the highest common divisor of c and 24.
24
Let w be ((-4)/(-1))/(1*2). Let q = -29 - -47. Calculate the highest common divisor of q and w.
2
Let q be (6/18)/((-2)/(-12)). Calculate the greatest common factor of 10 and q.
2
Let p be 8 + (0/3)/(-2). Suppose 0 = -3*v + p*v. Let b be (-1 + v)/(2/(-180)). Calculate the highest common factor of b and 36.
18
Let i(n) = 2*n**3 + 6*n**2 - 8*n + 3*n**3 - 4*n**3 - 6. Let a be i(-7). Let d = -5 + 9. What is the highest common divisor of d and a?
1
Let y(v) = -v**2 + v + 9. Let p be y(0). What is the highest common divisor of 12 and p?
3
Let s(i) = i**2 + 2*i - 2. Let g be s(-3). Let r(z) = -11*z + 29*z + 18*z. Let b be r(g). What is the greatest common divisor of b and 9?
9
Let u(i) = i**3 + 10*i**2 - 3*i + 12. Let w be u(-10). Calculate the highest common divisor of w and 6.
6
Let f be (90/7)/((-6)/(-28)). Calculate the greatest common factor of 12 and f.
12
Suppose r - 3*r = -50. Calculate the highest common factor of 5 and r.
5
Suppose 2*i = -2*b + 7*i + 44, 88 = 4*b - i. Calculate the greatest common divisor of b and 55.
11
Suppose 4*f - 136 = -24. What is the greatest common factor of 56 and f?
28
Let t be (-40)/(-12)*(2 + 2 + -1). Calculate the greatest common factor of t and 60.
10
Let s(a) = 2*a**2 - 7*a + 5. Let x be s(-8). Suppose 163 + x = 4*m. Suppose -32 - 8 = -5*b. Calculate the greatest common factor of m and b.
8
Let y be (4/6)/((-2)/150). Let t = 10 - y. Let j(c) = c**2 - 14*c + 8. Let a be j(16). Calculate the greatest common factor of a and t.
20
Let k(y) = -2*y + 1. Let n be k(-3). Let z = -111 + 167. Calculate the highest common divisor of z and n.
7
Let s = 31 - 16. Suppose s = 3*p - 2*b, b +